{"id":252,"date":"2017-03-27T11:17:03","date_gmt":"2017-03-27T09:17:03","guid":{"rendered":"http:\/\/jp2doc.pl\/?page_id=252"},"modified":"2017-04-19T09:23:08","modified_gmt":"2017-04-19T07:23:08","slug":"zdjecia","status":"publish","type":"page","link":"https:\/\/jp2doc.pl\/es\/archiwum\/zdjecia\/","title":{"rendered":"Fotograf\u00edas"},"content":{"rendered":"<p>El Centro de Documentaci\u00f3n y Estudios del Pontificado de Juan Pablo II en Roma posee una colecci\u00f3n de varios cientos de \u00e1lbumes y miles de fotos regaladas al Santo Padre a lo largo de su Pontificado y que han sido donadas al Centro de Documentaci\u00f3n por la Secretar\u00eda de Estado de la Santa Sede. Proceden de personas particulares, representantes del clero, laicos y varias instituciones, tanto de Polonia como de otras partes del mundo. En una parte de las im\u00e1genes se pueden apreciar las iniciales del Papa, se\u00f1al de que las hab\u00eda visto personalmente.<\/p>\n<p>Se sigue trabajando para digitalizar los fondos. Algunos de ellos est\u00e1n disponibles en formato de cat\u00e1logo electr\u00f3nico. Las fotos pueden verse mediante la introducci\u00f3n de la contrase\u00f1a en el navegador o seg\u00fan las distintas categor\u00edas.<\/p>\n<p>El Centro de Documentaci\u00f3n y Estudios, al facilitar parte del archivo fotogr\u00e1fico, desea contribuir a una mejor comprensi\u00f3n de la vida de Juan Pablo II y la historia de su pontificado.<\/p>\n<p>Las descripciones de las im\u00e1genes y la posibilidad de su b\u00fasqueda tem\u00e1tica ayudan en la tarea. Casi todas las fotos llevan el nombre de su autor y una anotaci\u00f3n sobre el propietario de los derechos de autor, indispensables en el caso de pretender publicar las fotograf\u00edas. Nuestra presentaci\u00f3n de la colecci\u00f3n de fotos no tiene car\u00e1cter comercial, sino documental y educativo. El Centro agradece a las instituciones, propietarias de Copyright, su consentimiento para incluir las im\u00e1genes en nuestra p\u00e1gina web.<\/p>\n<p><a href=\"http:\/\/jp2doc.pl\/wp-content\/uploads\/2017\/03\/Zdjecia-e1490696951402.jpg\"><img loading=\"lazy\" decoding=\"async\" width=\"1200\" height=\"600\" class=\"aligncenter wp-image-526 size-full\" src=\"http:\/\/jp2doc.pl\/wp-content\/uploads\/2017\/03\/Zdjecia-e1490696951402.jpg\" alt=\"\" srcset=\"https:\/\/jp2doc.pl\/es\/wp-content\/uploads\/sites\/4\/2017\/03\/Zdjecia-e1490696951402.jpg 1200w, https:\/\/jp2doc.pl\/es\/wp-content\/uploads\/sites\/4\/2017\/03\/Zdjecia-e1490696951402-640x320.jpg 640w, https:\/\/jp2doc.pl\/es\/wp-content\/uploads\/sites\/4\/2017\/03\/Zdjecia-e1490696951402-768x384.jpg 768w, https:\/\/jp2doc.pl\/es\/wp-content\/uploads\/sites\/4\/2017\/03\/Zdjecia-e1490696951402-1024x512.jpg 1024w\" sizes=\"auto, (max-width: 1200px) 100vw, 1200px\" \/><\/a><\/p>\n","protected":false},"excerpt":{"rendered":"<p>El Centro de Documentaci\u00f3n y Estudios del Pontificado de Juan Pablo II en Roma posee una colecci\u00f3n de varios cientos de \u00e1lbumes y miles de fotos regaladas al Santo Padre a lo largo de su Pontificado y que han sido donadas al Centro de Documentaci\u00f3n por la Secretar\u00eda de Estado de la Santa Sede. Proceden [&hellip;]<\/p>\n","protected":false},"author":2,"featured_media":0,"parent":249,"menu_order":0,"comment_status":"closed","ping_status":"closed","template":"","meta":{"_acf_changed":false,"_exactmetrics_skip_tracking":false,"_exactmetrics_sitenote_active":false,"_exactmetrics_sitenote_note":"","_exactmetrics_sitenote_category":0,"footnotes":""},"class_list":["post-252","page","type-page","status-publish","hentry"],"acf":[],"yoast_head":"<!-- This site is optimized with the Yoast SEO plugin v26.2 - https:\/\/yoast.com\/wordpress\/plugins\/seo\/ -->\n<title>Fotograf\u00edas - Centro de Documentaci\u00f3n y Estudios del Pontificado de Juan Pablo II en Roma<\/title>\n<meta name=\"robots\" content=\"index, follow, max-snippet:-1, max-image-preview:large, max-video-preview:-1\" \/>\n<link rel=\"canonical\" href=\"https:\/\/jp2doc.pl\/es\/archiwum\/zdjecia\/\" \/>\n<meta property=\"og:locale\" content=\"es_ES\" \/>\n<meta property=\"og:type\" content=\"article\" \/>\n<meta property=\"og:title\" content=\"Fotograf\u00edas - Centro de Documentaci\u00f3n y Estudios del Pontificado de Juan Pablo II en Roma\" \/>\n<meta property=\"og:description\" content=\"El Centro de Documentaci\u00f3n y Estudios del Pontificado de Juan Pablo II en Roma posee una colecci\u00f3n de varios cientos de \u00e1lbumes y miles de fotos regaladas al Santo Padre a lo largo de su Pontificado y que han sido donadas al Centro de Documentaci\u00f3n por la Secretar\u00eda de Estado de la Santa Sede. Proceden [&hellip;]\" \/>\n<meta property=\"og:url\" content=\"https:\/\/jp2doc.pl\/es\/archiwum\/zdjecia\/\" \/>\n<meta property=\"og:site_name\" content=\"Centro de Documentaci\u00f3n y Estudios del Pontificado de Juan Pablo II en Roma\" \/>\n<meta property=\"article:modified_time\" content=\"2017-04-19T07:23:08+00:00\" \/>\n<meta property=\"og:image\" content=\"http:\/\/jp2doc.pl\/wp-content\/uploads\/2017\/03\/Zdjecia-e1490696951402.jpg\" \/>\n<meta name=\"twitter:card\" content=\"summary_large_image\" \/>\n<meta name=\"twitter:label1\" content=\"Tiempo de lectura\" \/>\n\t<meta name=\"twitter:data1\" content=\"1 minuto\" \/>\n<script type=\"application\/ld+json\" class=\"yoast-schema-graph\">{\"@context\":\"https:\/\/schema.org\",\"@graph\":[{\"@type\":\"WebPage\",\"@id\":\"https:\/\/jp2doc.pl\/es\/archiwum\/zdjecia\/\",\"url\":\"https:\/\/jp2doc.pl\/es\/archiwum\/zdjecia\/\",\"name\":\"Fotograf\u00edas - Centro de Documentaci\u00f3n y Estudios del Pontificado de Juan Pablo II en Roma\",\"isPartOf\":{\"@id\":\"https:\/\/jp2doc.pl\/es\/#website\"},\"primaryImageOfPage\":{\"@id\":\"https:\/\/jp2doc.pl\/es\/archiwum\/zdjecia\/#primaryimage\"},\"image\":{\"@id\":\"https:\/\/jp2doc.pl\/es\/archiwum\/zdjecia\/#primaryimage\"},\"thumbnailUrl\":\"http:\/\/jp2doc.pl\/wp-content\/uploads\/2017\/03\/Zdjecia-e1490696951402.jpg\",\"datePublished\":\"2017-03-27T09:17:03+00:00\",\"dateModified\":\"2017-04-19T07:23:08+00:00\",\"breadcrumb\":{\"@id\":\"https:\/\/jp2doc.pl\/es\/archiwum\/zdjecia\/#breadcrumb\"},\"inLanguage\":\"es\",\"potentialAction\":[{\"@type\":\"ReadAction\",\"target\":[\"https:\/\/jp2doc.pl\/es\/archiwum\/zdjecia\/\"]}]},{\"@type\":\"ImageObject\",\"inLanguage\":\"es\",\"@id\":\"https:\/\/jp2doc.pl\/es\/archiwum\/zdjecia\/#primaryimage\",\"url\":\"http:\/\/jp2doc.pl\/wp-content\/uploads\/2017\/03\/Zdjecia-e1490696951402.jpg\",\"contentUrl\":\"http:\/\/jp2doc.pl\/wp-content\/uploads\/2017\/03\/Zdjecia-e1490696951402.jpg\"},{\"@type\":\"BreadcrumbList\",\"@id\":\"https:\/\/jp2doc.pl\/es\/archiwum\/zdjecia\/#breadcrumb\",\"itemListElement\":[{\"@type\":\"ListItem\",\"position\":1,\"name\":\"Home\",\"item\":\"https:\/\/jp2doc.pl\/es\/\"},{\"@type\":\"ListItem\",\"position\":2,\"name\":\"Archivo\",\"item\":\"https:\/\/jp2doc.pl\/es\/archiwum\/\"},{\"@type\":\"ListItem\",\"position\":3,\"name\":\"Fotograf\u00edas\"}]},{\"@type\":\"WebSite\",\"@id\":\"https:\/\/jp2doc.pl\/es\/#website\",\"url\":\"https:\/\/jp2doc.pl\/es\/\",\"name\":\"Centro de Documentaci\u00f3n y Estudios del Pontificado de Juan Pablo II en Roma\",\"description\":\"\",\"publisher\":{\"@id\":\"https:\/\/jp2doc.pl\/es\/#organization\"},\"potentialAction\":[{\"@type\":\"SearchAction\",\"target\":{\"@type\":\"EntryPoint\",\"urlTemplate\":\"https:\/\/jp2doc.pl\/es\/?s={search_term_string}\"},\"query-input\":{\"@type\":\"PropertyValueSpecification\",\"valueRequired\":true,\"valueName\":\"search_term_string\"}}],\"inLanguage\":\"es\"},{\"@type\":\"Organization\",\"@id\":\"https:\/\/jp2doc.pl\/es\/#organization\",\"name\":\"Centro de Documentaci\u00f3n y Estudios del Pontificado de Juan Pablo II en Roma\",\"url\":\"https:\/\/jp2doc.pl\/es\/\",\"logo\":{\"@type\":\"ImageObject\",\"inLanguage\":\"es\",\"@id\":\"https:\/\/jp2doc.pl\/es\/#\/schema\/logo\/image\/\",\"url\":\"https:\/\/jp2doc.pl\/es\/wp-content\/uploads\/sites\/4\/2017\/03\/cropped-logo.png\",\"contentUrl\":\"https:\/\/jp2doc.pl\/es\/wp-content\/uploads\/sites\/4\/2017\/03\/cropped-logo.png\",\"width\":115,\"height\":115,\"caption\":\"Centro de Documentaci\u00f3n y Estudios del Pontificado de Juan Pablo II en Roma\"},\"image\":{\"@id\":\"https:\/\/jp2doc.pl\/es\/#\/schema\/logo\/image\/\"}}]}<\/script>\n<!-- \/ Yoast SEO plugin. -->","yoast_head_json":{"title":"Fotograf\u00edas - Centro de Documentaci\u00f3n y Estudios del Pontificado de Juan Pablo II en Roma","robots":{"index":"index","follow":"follow","max-snippet":"max-snippet:-1","max-image-preview":"max-image-preview:large","max-video-preview":"max-video-preview:-1"},"canonical":"https:\/\/jp2doc.pl\/es\/archiwum\/zdjecia\/","og_locale":"es_ES","og_type":"article","og_title":"Fotograf\u00edas - Centro de Documentaci\u00f3n y Estudios del Pontificado de Juan Pablo II en Roma","og_description":"El Centro de Documentaci\u00f3n y Estudios del Pontificado de Juan Pablo II en Roma posee una colecci\u00f3n de varios cientos de \u00e1lbumes y miles de fotos regaladas al Santo Padre a lo largo de su Pontificado y que han sido donadas al Centro de Documentaci\u00f3n por la Secretar\u00eda de Estado de la Santa Sede. Proceden [&hellip;]","og_url":"https:\/\/jp2doc.pl\/es\/archiwum\/zdjecia\/","og_site_name":"Centro de Documentaci\u00f3n y Estudios del Pontificado de Juan Pablo II en Roma","article_modified_time":"2017-04-19T07:23:08+00:00","og_image":[{"url":"http:\/\/jp2doc.pl\/wp-content\/uploads\/2017\/03\/Zdjecia-e1490696951402.jpg","type":"","width":"","height":""}],"twitter_card":"summary_large_image","twitter_misc":{"Tiempo de lectura":"1 minuto"},"schema":{"@context":"https:\/\/schema.org","@graph":[{"@type":"WebPage","@id":"https:\/\/jp2doc.pl\/es\/archiwum\/zdjecia\/","url":"https:\/\/jp2doc.pl\/es\/archiwum\/zdjecia\/","name":"Fotograf\u00edas - Centro de Documentaci\u00f3n y Estudios del Pontificado de Juan Pablo II en Roma","isPartOf":{"@id":"https:\/\/jp2doc.pl\/es\/#website"},"primaryImageOfPage":{"@id":"https:\/\/jp2doc.pl\/es\/archiwum\/zdjecia\/#primaryimage"},"image":{"@id":"https:\/\/jp2doc.pl\/es\/archiwum\/zdjecia\/#primaryimage"},"thumbnailUrl":"http:\/\/jp2doc.pl\/wp-content\/uploads\/2017\/03\/Zdjecia-e1490696951402.jpg","datePublished":"2017-03-27T09:17:03+00:00","dateModified":"2017-04-19T07:23:08+00:00","breadcrumb":{"@id":"https:\/\/jp2doc.pl\/es\/archiwum\/zdjecia\/#breadcrumb"},"inLanguage":"es","potentialAction":[{"@type":"ReadAction","target":["https:\/\/jp2doc.pl\/es\/archiwum\/zdjecia\/"]}]},{"@type":"ImageObject","inLanguage":"es","@id":"https:\/\/jp2doc.pl\/es\/archiwum\/zdjecia\/#primaryimage","url":"http:\/\/jp2doc.pl\/wp-content\/uploads\/2017\/03\/Zdjecia-e1490696951402.jpg","contentUrl":"http:\/\/jp2doc.pl\/wp-content\/uploads\/2017\/03\/Zdjecia-e1490696951402.jpg"},{"@type":"BreadcrumbList","@id":"https:\/\/jp2doc.pl\/es\/archiwum\/zdjecia\/#breadcrumb","itemListElement":[{"@type":"ListItem","position":1,"name":"Home","item":"https:\/\/jp2doc.pl\/es\/"},{"@type":"ListItem","position":2,"name":"Archivo","item":"https:\/\/jp2doc.pl\/es\/archiwum\/"},{"@type":"ListItem","position":3,"name":"Fotograf\u00edas"}]},{"@type":"WebSite","@id":"https:\/\/jp2doc.pl\/es\/#website","url":"https:\/\/jp2doc.pl\/es\/","name":"Centro de Documentaci\u00f3n y Estudios del Pontificado de Juan Pablo II en Roma","description":"","publisher":{"@id":"https:\/\/jp2doc.pl\/es\/#organization"},"potentialAction":[{"@type":"SearchAction","target":{"@type":"EntryPoint","urlTemplate":"https:\/\/jp2doc.pl\/es\/?s={search_term_string}"},"query-input":{"@type":"PropertyValueSpecification","valueRequired":true,"valueName":"search_term_string"}}],"inLanguage":"es"},{"@type":"Organization","@id":"https:\/\/jp2doc.pl\/es\/#organization","name":"Centro de Documentaci\u00f3n y Estudios del Pontificado de Juan Pablo II en Roma","url":"https:\/\/jp2doc.pl\/es\/","logo":{"@type":"ImageObject","inLanguage":"es","@id":"https:\/\/jp2doc.pl\/es\/#\/schema\/logo\/image\/","url":"https:\/\/jp2doc.pl\/es\/wp-content\/uploads\/sites\/4\/2017\/03\/cropped-logo.png","contentUrl":"https:\/\/jp2doc.pl\/es\/wp-content\/uploads\/sites\/4\/2017\/03\/cropped-logo.png","width":115,"height":115,"caption":"Centro de Documentaci\u00f3n y Estudios del Pontificado de Juan Pablo II en Roma"},"image":{"@id":"https:\/\/jp2doc.pl\/es\/#\/schema\/logo\/image\/"}}]}},"_links":{"self":[{"href":"https:\/\/jp2doc.pl\/es\/wp-json\/wp\/v2\/pages\/252","targetHints":{"allow":["GET"]}}],"collection":[{"href":"https:\/\/jp2doc.pl\/es\/wp-json\/wp\/v2\/pages"}],"about":[{"href":"https:\/\/jp2doc.pl\/es\/wp-json\/wp\/v2\/types\/page"}],"author":[{"embeddable":true,"href":"https:\/\/jp2doc.pl\/es\/wp-json\/wp\/v2\/users\/2"}],"replies":[{"embeddable":true,"href":"https:\/\/jp2doc.pl\/es\/wp-json\/wp\/v2\/comments?post=252"}],"version-history":[{"count":1,"href":"https:\/\/jp2doc.pl\/es\/wp-json\/wp\/v2\/pages\/252\/revisions"}],"predecessor-version":[{"id":1055,"href":"https:\/\/jp2doc.pl\/es\/wp-json\/wp\/v2\/pages\/252\/revisions\/1055"}],"up":[{"embeddable":true,"href":"https:\/\/jp2doc.pl\/es\/wp-json\/wp\/v2\/pages\/249"}],"wp:attachment":[{"href":"https:\/\/jp2doc.pl\/es\/wp-json\/wp\/v2\/media?parent=252"}],"curies":[{"name":"wp","href":"https:\/\/api.w.org\/{rel}","templated":true}]}}

Fotografías

<p>El Centro de Documentación y Estudios del Pontificado de Juan Pablo II en Roma posee una colección de varios cientos de álbumes y miles de fotos regaladas al Santo Padre a lo largo de su Pontificado y que han sido donadas al Centro de Documentación por la Secretaría de Estado de la Santa Sede. Proceden de personas particulares, representantes del clero, laicos y varias instituciones, tanto de Polonia como de otras partes del mundo. En una parte de las imágenes se pueden apreciar las iniciales del Papa, señal de que las había visto personalmente.</p>
<p>Se sigue trabajando para digitalizar los fondos. Algunos de ellos están disponibles en formato de catálogo electrónico. Las fotos pueden verse mediante la introducción de la contraseña en el navegador o según las distintas categorías.</p>
<p>El Centro de Documentación y Estudios, al facilitar parte del archivo fotográfico, desea contribuir a una mejor comprensión de la vida de Juan Pablo II y la historia de su pontificado.</p>
<p>Las descripciones de las imágenes y la posibilidad de su búsqueda temática ayudan en la tarea. Casi todas las fotos llevan el nombre de su autor y una anotación sobre el propietario de los derechos de autor, indispensables en el caso de pretender publicar las fotografías. Nuestra presentación de la colección de fotos no tiene carácter comercial, sino documental y educativo. El Centro agradece a las instituciones, propietarias de Copyright, su consentimiento para incluir las imágenes en nuestra página web.</p>
<p><a href="http://jp2doc.pl/wp-content/uploads/2017/03/Zdjecia-e1490696951402.jpg"><img loading="lazy" decoding="async" width="1200" height="600" class="aligncenter wp-image-526 size-full" src="http://jp2doc.pl/wp-content/uploads/2017/03/Zdjecia-e1490696951402.jpg" alt="" srcset="https://jp2doc.pl/es/wp-content/uploads/sites/4/2017/03/Zdjecia-e1490696951402.jpg 1200w, https://jp2doc.pl/es/wp-content/uploads/sites/4/2017/03/Zdjecia-e1490696951402-640x320.jpg 640w, https://jp2doc.pl/es/wp-content/uploads/sites/4/2017/03/Zdjecia-e1490696951402-768x384.jpg 768w, https://jp2doc.pl/es/wp-content/uploads/sites/4/2017/03/Zdjecia-e1490696951402-1024x512.jpg 1024w" sizes="auto, (max-width: 1200px) 100vw, 1200px" /></a></p>

<p>El Centro de Documentación y Estudios del Pontificado de Juan Pablo II en Roma posee una colección de varios cientos de álbumes y miles de fotos regaladas al Santo Padre a lo largo de su Pontificado y que han sido donadas al Centro de Documentación por la Secretaría de Estado de la Santa Sede. Proceden [&hellip;]</p>

<!-- This site is optimized with the Yoast SEO plugin v26.2 - https://yoast.com/wordpress/plugins/seo/ -->
<title>Fotografías - Centro de Documentación y Estudios del Pontificado de Juan Pablo II en Roma</title>
<meta name="robots" content="index, follow, max-snippet:-1, max-image-preview:large, max-video-preview:-1" />
<link rel="canonical" href="https://jp2doc.pl/es/archiwum/zdjecia/" />
<meta property="og:locale" content="es_ES" />
<meta property="og:type" content="article" />
<meta property="og:title" content="Fotografías - Centro de Documentación y Estudios del Pontificado de Juan Pablo II en Roma" />
<meta property="og:description" content="El Centro de Documentación y Estudios del Pontificado de Juan Pablo II en Roma posee una colección de varios cientos de álbumes y miles de fotos regaladas al Santo Padre a lo largo de su Pontificado y que han sido donadas al Centro de Documentación por la Secretaría de Estado de la Santa Sede. Proceden [&hellip;]" />
<meta property="og:url" content="https://jp2doc.pl/es/archiwum/zdjecia/" />
<meta property="og:site_name" content="Centro de Documentación y Estudios del Pontificado de Juan Pablo II en Roma" />
<meta property="article:modified_time" content="2017-04-19T07:23:08+00:00" />
<meta property="og:image" content="http://jp2doc.pl/wp-content/uploads/2017/03/Zdjecia-e1490696951402.jpg" />
<meta name="twitter:card" content="summary_large_image" />
<meta name="twitter:label1" content="Tiempo de lectura" />
	<meta name="twitter:data1" content="1 minuto" />
<script type="application/ld+json" class="yoast-schema-graph">{"@context":"https://schema.org","@graph":[{"@type":"WebPage","@id":"https://jp2doc.pl/es/archiwum/zdjecia/","url":"https://jp2doc.pl/es/archiwum/zdjecia/","name":"Fotografías - Centro de Documentación y Estudios del Pontificado de Juan Pablo II en Roma","isPartOf":{"@id":"https://jp2doc.pl/es/#website"},"primaryImageOfPage":{"@id":"https://jp2doc.pl/es/archiwum/zdjecia/#primaryimage"},"image":{"@id":"https://jp2doc.pl/es/archiwum/zdjecia/#primaryimage"},"thumbnailUrl":"http://jp2doc.pl/wp-content/uploads/2017/03/Zdjecia-e1490696951402.jpg","datePublished":"2017-03-27T09:17:03+00:00","dateModified":"2017-04-19T07:23:08+00:00","breadcrumb":{"@id":"https://jp2doc.pl/es/archiwum/zdjecia/#breadcrumb"},"inLanguage":"es","potentialAction":[{"@type":"ReadAction","target":["https://jp2doc.pl/es/archiwum/zdjecia/"]}]},{"@type":"ImageObject","inLanguage":"es","@id":"https://jp2doc.pl/es/archiwum/zdjecia/#primaryimage","url":"http://jp2doc.pl/wp-content/uploads/2017/03/Zdjecia-e1490696951402.jpg","contentUrl":"http://jp2doc.pl/wp-content/uploads/2017/03/Zdjecia-e1490696951402.jpg"},{"@type":"BreadcrumbList","@id":"https://jp2doc.pl/es/archiwum/zdjecia/#breadcrumb","itemListElement":[{"@type":"ListItem","position":1,"name":"Home","item":"https://jp2doc.pl/es/"},{"@type":"ListItem","position":2,"name":"Archivo","item":"https://jp2doc.pl/es/archiwum/"},{"@type":"ListItem","position":3,"name":"Fotografías"}]},{"@type":"WebSite","@id":"https://jp2doc.pl/es/#website","url":"https://jp2doc.pl/es/","name":"Centro de Documentación y Estudios del Pontificado de Juan Pablo II en Roma","description":"","publisher":{"@id":"https://jp2doc.pl/es/#organization"},"potentialAction":[{"@type":"SearchAction","target":{"@type":"EntryPoint","urlTemplate":"https://jp2doc.pl/es/?s={search_term_string}"},"query-input":{"@type":"PropertyValueSpecification","valueRequired":true,"valueName":"search_term_string"}}],"inLanguage":"es"},{"@type":"Organization","@id":"https://jp2doc.pl/es/#organization","name":"Centro de Documentación y Estudios del Pontificado de Juan Pablo II en Roma","url":"https://jp2doc.pl/es/","logo":{"@type":"ImageObject","inLanguage":"es","@id":"https://jp2doc.pl/es/#/schema/logo/image/","url":"https://jp2doc.pl/es/wp-content/uploads/sites/4/2017/03/cropped-logo.png","contentUrl":"https://jp2doc.pl/es/wp-content/uploads/sites/4/2017/03/cropped-logo.png","width":115,"height":115,"caption":"Centro de Documentación y Estudios del Pontificado de Juan Pablo II en Roma"},"image":{"@id":"https://jp2doc.pl/es/#/schema/logo/image/"}}]}</script>
<!-- / Yoast SEO plugin. -->

Fotografías - Centro de Documentación y Estudios del Pontificado de Juan Pablo II en Roma

El Centro de Documentación y Estudios del Pontificado de Juan Pablo II en Roma posee una colección de varios cientos de álbumes y miles de fotos regaladas al Santo Padre a lo largo de su Pontificado y que han sido donadas al Centro de Documentación por la Secretaría de Estado de la Santa Sede. Proceden [&hellip;]

Centro de Documentación y Estudios del Pontificado de Juan Pablo II en Roma
